[INFO] cloning repository https://github.com/ElXreno/filesorter
[INFO] running `Command { std: "git" "-c" "credential.helper=" "-c" "credential.helper=/workspace/cargo-home/bin/git-credential-null" "clone" "--bare" "https://github.com/ElXreno/filesorter" "/workspace/cache/git-repos/https%3A%2F%2Fgithub.com%2FElXreno%2Ffilesorter", kill_on_drop: false }`
[INFO] [stderr] Cloning into bare repository '/workspace/cache/git-repos/https%3A%2F%2Fgithub.com%2FElXreno%2Ffilesorter'...
[INFO] running `Command { std: "git" "rev-parse" "HEAD", kill_on_drop: false }`
[INFO] [stdout] 29179e222f0a0f4ccd309e7b076f47dc1a1d90ee
[INFO] checking ElXreno/filesorter against master#af3c6e733a40e671550e0f0f5aeecaa13772ba56 for pr-74989
[INFO] running `Command { std: "git" "clone" "/workspace/cache/git-repos/https%3A%2F%2Fgithub.com%2FElXreno%2Ffilesorter" "/workspace/builds/worker-8/source", kill_on_drop: false }`
[INFO] [stderr] Cloning into '/workspace/builds/worker-8/source'...
[INFO] [stderr] done.
[INFO] validating manifest of git repo https://github.com/ElXreno/filesorter on toolchain af3c6e733a40e671550e0f0f5aeecaa13772ba56
[INFO] running `Command { std: "/workspace/cargo-home/bin/cargo" "+af3c6e733a40e671550e0f0f5aeecaa13772ba56" "read-manifest" "--manifest-path" "Cargo.toml", kill_on_drop: false }`
[INFO] started tweaking git repo https://github.com/ElXreno/filesorter
[INFO] finished tweaking git repo https://github.com/ElXreno/filesorter
[INFO] tweaked toml for git repo https://github.com/ElXreno/filesorter written to /workspace/builds/worker-8/source/Cargo.toml
[INFO] crate git repo https://github.com/ElXreno/filesorter already has a lockfile, it will not be regenerated
[INFO] running `Command { std: "/workspace/cargo-home/bin/cargo" "+af3c6e733a40e671550e0f0f5aeecaa13772ba56" "fetch" "--locked" "--manifest-path" "Cargo.toml", kill_on_drop: false }`
[INFO] running `Command { std: "docker" "create" "-v" "/var/lib/crater-agent-workspace/builds/worker-8/target:/opt/rustwide/target:rw,Z" "-v" "/var/lib/crater-agent-workspace/builds/worker-8/source:/opt/rustwide/workdir:ro,Z" "-v" "/var/lib/crater-agent-workspace/cargo-home:/opt/rustwide/cargo-home:ro,Z" "-v" "/var/lib/crater-agent-workspace/rustup-home:/opt/rustwide/rustup-home:ro,Z" "-e" "SOURCE_DIR=/opt/rustwide/workdir" "-e" "CARGO_TARGET_DIR=/opt/rustwide/target" "-e" "CARGO_HOME=/opt/rustwide/cargo-home" "-e" "RUSTUP_HOME=/opt/rustwide/rustup-home" "-w" "/opt/rustwide/workdir" "-m" "1610612736" "--user" "0:0" "--network" "none" "rustops/crates-build-env@sha256:d92eaeed33fa75130ca1ee6c8a01d1ffb62bac859dfdfb3450e3e5d1c0146529" "/opt/rustwide/cargo-home/bin/cargo" "+af3c6e733a40e671550e0f0f5aeecaa13772ba56" "metadata" "--no-deps" "--format-version=1", kill_on_drop: false }`
[INFO] [stdout] dc8ec8dbf39c3ab26a3f29cb512bdae748f09c686f5153139639eb91d9dcddb5
[INFO] [stderr] WARNING: Your kernel does not support swap limit capabilities or the cgroup is not mounted. Memory limited without swap.
[INFO] running `Command { std: "docker" "start" "-a" "dc8ec8dbf39c3ab26a3f29cb512bdae748f09c686f5153139639eb91d9dcddb5", kill_on_drop: false }`
[INFO] running `Command { std: "docker" "inspect" "dc8ec8dbf39c3ab26a3f29cb512bdae748f09c686f5153139639eb91d9dcddb5", kill_on_drop: false }`
[INFO] running `Command { std: "docker" "rm" "-f" "dc8ec8dbf39c3ab26a3f29cb512bdae748f09c686f5153139639eb91d9dcddb5", kill_on_drop: false }`
[INFO] [stdout] dc8ec8dbf39c3ab26a3f29cb512bdae748f09c686f5153139639eb91d9dcddb5
[INFO] running `Command { std: "docker" "create" "-v" "/var/lib/crater-agent-workspace/builds/worker-8/target:/opt/rustwide/target:rw,Z" "-v" "/var/lib/crater-agent-workspace/builds/worker-8/source:/opt/rustwide/workdir:ro,Z" "-v" "/var/lib/crater-agent-workspace/cargo-home:/opt/rustwide/cargo-home:ro,Z" "-v" "/var/lib/crater-agent-workspace/rustup-home:/opt/rustwide/rustup-home:ro,Z" "-e" "SOURCE_DIR=/opt/rustwide/workdir" "-e" "CARGO_TARGET_DIR=/opt/rustwide/target" "-e" "CARGO_INCREMENTAL=0" "-e" "RUST_BACKTRACE=full" "-e" "RUSTFLAGS=--cap-lints=forbid" "-e" "CARGO_HOME=/opt/rustwide/cargo-home" "-e" "RUSTUP_HOME=/opt/rustwide/rustup-home" "-w" "/opt/rustwide/workdir" "-m" "1610612736" "--user" "0:0" "--network" "none" "rustops/crates-build-env@sha256:d92eaeed33fa75130ca1ee6c8a01d1ffb62bac859dfdfb3450e3e5d1c0146529" "/opt/rustwide/cargo-home/bin/cargo" "+af3c6e733a40e671550e0f0f5aeecaa13772ba56" "check" "--frozen" "--all" "--all-targets" "--message-format=json", kill_on_drop: false }`
[INFO] [stderr] WARNING: Your kernel does not support swap limit capabilities or the cgroup is not mounted. Memory limited without swap.
[INFO] [stdout] 425001221ade3378c79ca5e9abf58f40131128be6f268dd02927283f278aa67e
[INFO] running `Command { std: "docker" "start" "-a" "425001221ade3378c79ca5e9abf58f40131128be6f268dd02927283f278aa67e", kill_on_drop: false }`
[INFO] [stderr]    Compiling libc v0.2.76
[INFO] [stderr]    Compiling autocfg v1.0.1
[INFO] [stderr]    Compiling unicode-xid v0.2.1
[INFO] [stderr]    Compiling syn v1.0.39
[INFO] [stderr]    Compiling serde_derive v1.0.115
[INFO] [stderr]    Compiling ryu v1.0.5
[INFO] [stderr]    Compiling serde v1.0.115
[INFO] [stderr]     Checking unicode-width v0.1.8
[INFO] [stderr]    Compiling serde_json v1.0.57
[INFO] [stderr]     Checking itoa v0.4.6
[INFO] [stderr]     Checking vec_map v0.8.2
[INFO] [stderr]    Compiling proc-macro2 v1.0.19
[INFO] [stderr]     Checking textwrap v0.11.0
[INFO] [stderr]    Compiling num-traits v0.2.12
[INFO] [stderr]    Compiling num-integer v0.1.43
[INFO] [stderr]    Compiling quote v1.0.7
[INFO] [stderr]     Checking time v0.1.44
[INFO] [stderr]     Checking dirs-sys v0.3.5
[INFO] [stderr]     Checking atty v0.2.14
[INFO] [stderr]     Checking clap v2.33.3
[INFO] [stderr]     Checking directories v3.0.1
[INFO] [stderr]     Checking chrono v0.4.15
[INFO] [stderr]     Checking filesorter v0.2.0 (/opt/rustwide/workdir)
[INFO] [stdout] error[E0432]: unresolved import `serde_derive`
[INFO] [stdout]   --> src/settings.rs:10:5
[INFO] [stdout]    |
[INFO] [stdout] 10 | use serde_derive::{Deserialize, Serialize};
[INFO] [stdout]    |     ^^^^^^^^^^^^ help: a similar path exists: `serde::serde_derive`
[INFO] [stdout] 
[INFO] [stdout] 
[INFO] [stdout] error: cannot determine resolution for the derive macro `Serialize`
[INFO] [stdout]   --> src/settings.rs:12:24
[INFO] [stdout]    |
[INFO] [stdout] 12 | #[derive(Clone, Debug, Serialize, Deserialize)]
[INFO] [stdout]    |                        ^^^^^^^^^
[INFO] [stdout]    |
[INFO] [stdout]    = note: import resolution is stuck, try simplifying macro imports
[INFO] [stdout] 
[INFO] [stdout] 
[INFO] [stdout] error: cannot determine resolution for the derive macro `Deserialize`
[INFO] [stdout]   --> src/settings.rs:12:35
[INFO] [stdout]    |
[INFO] [stdout] 12 | #[derive(Clone, Debug, Serialize, Deserialize)]
[INFO] [stdout]    |                                   ^^^^^^^^^^^
[INFO] [stdout]    |
[INFO] [stdout]    = note: import resolution is stuck, try simplifying macro imports
[INFO] [stdout] 
[INFO] [stdout] 
[INFO] [stdout] error: cannot determine resolution for the derive macro `Serialize`
[INFO] [stdout]   --> src/settings.rs:18:24
[INFO] [stdout]    |
[INFO] [stdout] 18 | #[derive(Clone, Debug, Serialize, Deserialize)]
[INFO] [stdout]    |                        ^^^^^^^^^
[INFO] [stdout]    |
[INFO] [stdout]    = note: import resolution is stuck, try simplifying macro imports
[INFO] [stdout] 
[INFO] [stdout] 
[INFO] [stdout] error: cannot determine resolution for the derive macro `Deserialize`
[INFO] [stdout]   --> src/settings.rs:18:35
[INFO] [stdout]    |
[INFO] [stdout] 18 | #[derive(Clone, Debug, Serialize, Deserialize)]
[INFO] [stdout]    |                                   ^^^^^^^^^^^
[INFO] [stdout]    |
[INFO] [stdout]    = note: import resolution is stuck, try simplifying macro imports
[INFO] [stdout] 
[INFO] [stdout] 
[INFO] [stdout] error: cannot find attribute `serde` in this scope
[INFO] [stdout]   --> src/settings.rs:19:3
[INFO] [stdout]    |
[INFO] [stdout] 19 | #[serde(default)]
[INFO] [stdout]    |   ^^^^^
[INFO] [stdout] 
[INFO] [stdout] 
[INFO] [stdout] error[E0432]: unresolved import `serde_derive`
[INFO] [stdout]   --> src/settings.rs:10:5
[INFO] [stdout]    |
[INFO] [stdout] 10 | use serde_derive::{Deserialize, Serialize};
[INFO] [stdout]    |     ^^^^^^^^^^^^ help: a similar path exists: `serde::serde_derive`
[INFO] [stdout] 
[INFO] [stdout] 
[INFO] [stdout] error: cannot determine resolution for the derive macro `Serialize`
[INFO] [stdout]   --> src/settings.rs:12:24
[INFO] [stdout]    |
[INFO] [stdout] 12 | #[derive(Clone, Debug, Serialize, Deserialize)]
[INFO] [stdout]    |                        ^^^^^^^^^
[INFO] [stdout]    |
[INFO] [stdout]    = note: import resolution is stuck, try simplifying macro imports
[INFO] [stdout] 
[INFO] [stdout] 
[INFO] [stdout] error: cannot determine resolution for the derive macro `Deserialize`
[INFO] [stdout]   --> src/settings.rs:12:35
[INFO] [stdout]    |
[INFO] [stdout] 12 | #[derive(Clone, Debug, Serialize, Deserialize)]
[INFO] [stdout]    |                                   ^^^^^^^^^^^
[INFO] [stdout]    |
[INFO] [stdout]    = note: import resolution is stuck, try simplifying macro imports
[INFO] [stdout] 
[INFO] [stdout] 
[INFO] [stdout] error: cannot determine resolution for the derive macro `Serialize`
[INFO] [stdout]   --> src/settings.rs:18:24
[INFO] [stdout]    |
[INFO] [stdout] 18 | #[derive(Clone, Debug, Serialize, Deserialize)]
[INFO] [stdout]    |                        ^^^^^^^^^
[INFO] [stdout]    |
[INFO] [stdout]    = note: import resolution is stuck, try simplifying macro imports
[INFO] [stdout] 
[INFO] [stdout] 
[INFO] [stdout] error: cannot determine resolution for the derive macro `Deserialize`
[INFO] [stdout]   --> src/settings.rs:18:35
[INFO] [stdout]    |
[INFO] [stdout] 18 | #[derive(Clone, Debug, Serialize, Deserialize)]
[INFO] [stdout]    |                                   ^^^^^^^^^^^
[INFO] [stdout]    |
[INFO] [stdout]    = note: import resolution is stuck, try simplifying macro imports
[INFO] [stdout] 
[INFO] [stdout] 
[INFO] [stdout] error: cannot find attribute `serde` in this scope
[INFO] [stdout]   --> src/settings.rs:19:3
[INFO] [stdout]    |
[INFO] [stdout] 19 | #[serde(default)]
[INFO] [stdout]    |   ^^^^^
[INFO] [stdout] 
[INFO] [stdout] 
[INFO] [stdout] error[E0277]: the trait bound `for<'de> Settings: serde::de::Deserialize<'de>` is not satisfied
[INFO] [stdout]     --> src/settings.rs:158:19
[INFO] [stdout]      |
[INFO] [stdout] 158  |             match serde_json::from_reader(file) {
[INFO] [stdout]      |                   ^^^^^^^^^^^^^^^^^^^^^^^ the trait `for<'de> serde::de::Deserialize<'de>` is not implemented for `Settings`
[INFO] [stdout]      | 
[INFO] [stdout]     ::: /opt/rustwide/cargo-home/registry/src/github.com-1ecc6299db9ec823/serde_json-1.0.57/src/de.rs:2500:8
[INFO] [stdout]      |
[INFO] [stdout] 2500 |     T: de::DeserializeOwned,
[INFO] [stdout]      |        -------------------- required by this bound in `from_reader`
[INFO] [stdout]      |
[INFO] [stdout]      = note: required because of the requirements on the impl of `serde::de::DeserializeOwned` for `Settings`
[INFO] [stdout] 
[INFO] [stdout] 
[INFO] [stdout] error[E0277]: the trait bound `Settings: serde::ser::Serialize` is not satisfied
[INFO] [stdout]     --> src/settings.rs:212:53
[INFO] [stdout]      |
[INFO] [stdout] 212  |         let s: &str = &serde_json::to_string_pretty(self).unwrap();
[INFO] [stdout]      |                                                     ^^^^ the trait `serde::ser::Serialize` is not implemented for `Settings`
[INFO] [stdout]      | 
[INFO] [stdout]     ::: /opt/rustwide/cargo-home/registry/src/github.com-1ecc6299db9ec823/serde_json-1.0.57/src/ser.rs:2240:17
[INFO] [stdout]      |
[INFO] [stdout] 2240 |     T: ?Sized + Serialize,
[INFO] [stdout]      |                 --------- required by this bound in `to_string_pretty`
[INFO] [stdout] 
[INFO] [stdout] 
[INFO] [stdout] error[E0277]: the trait bound `for<'de> Settings: serde::de::Deserialize<'de>` is not satisfied
[INFO] [stdout]     --> src/settings.rs:158:19
[INFO] [stdout]      |
[INFO] [stdout] 158  |             match serde_json::from_reader(file) {
[INFO] [stdout]      |                   ^^^^^^^^^^^^^^^^^^^^^^^ the trait `for<'de> serde::de::Deserialize<'de>` is not implemented for `Settings`
[INFO] [stdout]      | 
[INFO] [stdout]     ::: /opt/rustwide/cargo-home/registry/src/github.com-1ecc6299db9ec823/serde_json-1.0.57/src/de.rs:2500:8
[INFO] [stdout]      |
[INFO] [stdout] 2500 |     T: de::DeserializeOwned,
[INFO] [stdout]      |        -------------------- required by this bound in `from_reader`
[INFO] [stdout]      |
[INFO] [stdout]      = note: required because of the requirements on the impl of `serde::de::DeserializeOwned` for `Settings`
[INFO] [stdout] 
[INFO] [stdout] 
[INFO] [stdout] error[E0277]: the trait bound `Settings: serde::ser::Serialize` is not satisfied
[INFO] [stdout]     --> src/settings.rs:212:53
[INFO] [stdout]      |
[INFO] [stdout] 212  |         let s: &str = &serde_json::to_string_pretty(self).unwrap();
[INFO] [stdout]      |                                                     ^^^^ the trait `serde::ser::Serialize` is not implemented for `Settings`
[INFO] [stdout]      | 
[INFO] [stdout]     ::: /opt/rustwide/cargo-home/registry/src/github.com-1ecc6299db9ec823/serde_json-1.0.57/src/ser.rs:2240:17
[INFO] [stdout]      |
[INFO] [stdout] 2240 |     T: ?Sized + Serialize,
[INFO] [stdout]      |                 --------- required by this bound in `to_string_pretty`
[INFO] [stdout] 
[INFO] [stdout] 
[INFO] [stdout] error: aborting due to 8 previous errors
[INFO] [stdout] 
[INFO] [stdout] 
[INFO] [stdout] Some errors have detailed explanations: E0277, E0432.
[INFO] [stdout] 
[INFO] [stdout] For more information about an error, try `rustc --explain E0277`.
[INFO] [stdout] 
[INFO] [stderr] error: could not compile `filesorter`.
[INFO] [stderr] 
[INFO] [stderr] To learn more, run the command again with --verbose.
[INFO] [stderr] warning: build failed, waiting for other jobs to finish...
[INFO] [stdout] error: aborting due to 8 previous errors
[INFO] [stdout] 
[INFO] [stdout] 
[INFO] [stdout] Some errors have detailed explanations: E0277, E0432.
[INFO] [stdout] 
[INFO] [stdout] For more information about an error, try `rustc --explain E0277`.
[INFO] [stdout] 
[INFO] [stderr] error: build failed
[INFO] running `Command { std: "docker" "inspect" "425001221ade3378c79ca5e9abf58f40131128be6f268dd02927283f278aa67e", kill_on_drop: false }`
[INFO] running `Command { std: "docker" "rm" "-f" "425001221ade3378c79ca5e9abf58f40131128be6f268dd02927283f278aa67e", kill_on_drop: false }`
[INFO] [stdout] 425001221ade3378c79ca5e9abf58f40131128be6f268dd02927283f278aa67e
